 the prime factors of 1603012000.
2, 5, 400753
What are the prime factors of 660138873?
3, 67, 49019
List the prime factors of 5172636041.
67, 77203523
List the prime factors of 21345693.
3, 17, 571, 733
List the prime factors of 187810262.
2, 547, 171673
List the prime factors of 1287746634.
2, 3, 17, 31, 407257
What are the prime factors of 25463906?
2, 13, 75337
What are the prime factors of 4443423269?
4443423269
What are the prime factors of 458557557?
3, 61, 2505779
What are the prime factors of 2540311839?
3, 13, 677, 2467
What are the prime factors of 185598971?
269, 689959
What are the prime factors of 434042486?
2, 37, 5865439
What are the prime factors of 1643957522?
2, 23, 35738207
What are the prime factors of 2688820909?
2688820909
List the prime factors of 1791063158.
2, 19, 47133241
What are the prime factors of 289008187?
13, 89, 439, 569
What are the prime factors of 5113805?
5, 1022761
List the prime factors of 152109149.
17, 8947597
What are the prime factors of 650716118?
2, 13, 3803, 6581
List the prime factors of 50202974.
2, 23, 1091369
What are the prime factors of 49591818?
2, 3, 23, 39929
What are the prime factors of 53180063?
17, 37, 59, 1433
What are the prime factors of 1758230076?
2, 3, 146519173
What are the prime factors of 41695055?
5, 797, 10463
List the prime factors of 479281201.
7, 9781249
List the prime factors of 572888765.
5, 29, 163, 24239
List the prime factors of 104314279.
104314279
What are the prime factors of 1756059438?
2, 3, 7, 17, 41, 223, 269
List the prime factors of 3462869149.
19, 29, 47, 133717
What are the prime factors of 11705022?
2, 3, 7, 23, 577
List the prime factors of 5468446.
2, 257, 10639
List the prime factors of 1658643617.
521, 3183577
List the prime factors of 471853042.
2, 235926521
List the prime factors of 12210530.
2, 5, 499, 2447
List the prime factors of 271472110.
2, 5, 7, 13, 269, 1109
List the prime factors of 275924795.
5, 881, 62639
What are the prime factors of 77180752?
2, 11, 438527
What are the prime factors of 50042760?
2, 3, 5, 417023
List the prime factors of 25247417.
13, 149393
What are the prime factors of 546345292?
2, 136586323
List the prime factors of 1822379917.
683, 2668199
List the prime factors of 2168019499.
103, 439, 47947
What are the prime factors of 69754775?
5, 2790191
List the prime factors of 466407083.
4729, 98627
What are the prime factors of 459436866?
2, 3, 7, 17, 643469
What are the prime factors of 328132251?
3, 71, 513509
List the prime factors of 4358619982.
2, 40847, 53353
What are the prime factors of 3336739?
7, 179, 2663
What are the prime factors of 1476860136?
2, 3, 607, 101377
What are the prime factors of 2481159?
3, 317, 2609
List the prime factors of 55310390.
2, 5, 5531039
What are the prime factors of 871489158?
2, 3, 463, 313711
What are the prime factors of 24675707?
7, 37, 95273
What are the prime factors of 7205140?
2, 5, 360257
List the prime factors of 3129259870.
2, 5, 11, 17, 1673401
What are the prime factors of 1396445382?
2, 3, 17, 43, 106129
What are the prime factors of 225714498?
2, 3, 151, 249133
What are the prime factors of 478133709?
3, 159377903
List the prime factors of 531077539.
37, 109, 3559
List the prime factors of 1667105217.
3, 185233913
What are the prime factors of 823184148?
2, 3, 68598679
What are the prime factors of 248445556?
2, 53, 179, 6547
List the prime factors of 1851868544.
2, 29, 17203
List the prime factors of 34911320.
2, 5, 787, 1109
List the prime factors of 1673163663.
3, 1087, 513083
What are the prime factors of 1475468151?
3, 491822717
What are the prime factors of 33310289?
71, 179, 2621
What are the prime factors of 1950571153?
1950571153
What are the prime factors of 8776562?
2, 659, 6659
List the prime factors of 6090515.
5, 23, 211, 251
List the prime factors of 17832141.
3, 1981349
What are the prime factors of 1339938363?
3, 446646121
What are the prime factors of 44105631?
3, 19, 67, 11549
What are the prime factors of 145474196?
2, 7, 31, 167597
List the prime factors of 59107251.
3, 7, 641, 4391
What are the prime factors of 171738741?
3, 149, 384203
What are the prime factors of 168370481?
239, 389, 1811
List the prime factors of 21308287.
7, 11, 13, 3041
List the prime factors of 21256416.
2, 3, 23, 3209
What are the prime factors of 673701576?
2, 3, 103, 272533
What are the prime factors of 211271290?
2, 5, 991, 21319
What are the prime factors of 109276841?
23, 4751167
What are the prime factors of 423594253?
17, 73, 341333
List the prime factors of 72499954.
2, 3539, 10243
List the prime factors of 2042475525.
3, 5, 9077669
List the prime factors of 1215670932.
2, 3, 7, 4824091
What are the prime factors of 284541309?
3, 13, 810659
List the prime factors of 31115762.
2, 127, 122503
List the prime factors of 50952455.
5, 83, 122777
List the prime factors of 85311567.
3, 11, 861733
What are the prime factors of 1358876861?
17, 79933933
List the prime factors of 2138574793.
79, 199, 136033
What are the prime factors of 1927748527?
10903, 176809
What are the prime factors of 205232188?
2, 7, 29, 36107
List the prime factors of 821160903.
3, 89, 149, 20641
What are the prime factors of 1911457790?
2, 5, 11, 109, 159421
What are the prime factors of 883443657?
3, 294481219
List the prime factors of 1897915853.
17, 111642109
List the prime factors of 560613467.
79, 1031, 6883
List the prime factors of 3024413536.
2, 94512923
What are the prime factors of 3197625698?
2, 1598812849
What are the prime factors of 3650977732?
2, 17, 79, 211, 3221
List the prime factors of 60050126.
2, 29, 227, 4561
List the prime factors of 37914575.
5, 1516583
List the prime factors of 78296267.
7, 67, 3407
List the prime factors of 1105866.
2, 3, 20479
List the prime factors of 1381326715.
5, 311, 888313
List the prime factors of 23191025.
5, 11, 13, 499
List the prime factors of 2445789724.
2, 7, 12478519
List the prime factors of 3688804930.
2, 5, 29, 67, 189851
What are the prime factors of 207799837?
7, 4240813
List the prime factors of 215791875.
3, 5, 13, 227
List the prime factors of 58894240.
2, 5, 368089
What are the prime factors of 307370195?
5, 11, 241, 23189
What are the prime factors of 7082383237?
109, 64975993
List the prime factors of 595431.
3, 7351
What are the prime factors of 1372519340?
2, 5, 19, 3611893
What are the prime factors of 15967698?
2, 3, 2661283
What are the prime factors of 189016493?
189016493
What are the prime factors of 170560237?
523, 326119
What are the prime factors of 2057848532?
2, 514462133
What are the prime factors of 69989941?
7, 1741, 5743
What are the prime factors of 252745014?
2, 3, 42124169
What are the prime factors of 2526198571?
13, 197, 986411
List the prime factors of 33921337.
137, 247601
What are the prime factors of 1773275702?
2, 11, 29, 31, 89659
List the prime factors of 94672965.
3, 5, 29, 103, 2113
List the prime factors of 1196533217.
11, 41, 2653067
What are the prime factors of 472900446?
2, 3, 1597, 16451
List the prime factors of 143688249.
3, 163, 10883
List the prime factors of 1008907827.
3, 89, 3778681
List the prime factors of 56163577.
179, 313763
List the prime factors of 782852643.
3, 6733, 12919
What are the prime factors of 79828071?
3, 2927, 9091
What are the prime factors of 37214886?
2, 3, 6202481
List the prime factors of 2785760623.
83, 33563381
What are the prime factors of 375773666?
2, 6637, 28309
List the prime factors of 7084018006.
2, 13, 79, 3448889
What are the prime factors of 97843462?
2, 48921731
What are the prime factors of 380889578?
2, 190444789
What are the prime factors of 195042277?
19, 23, 229, 1949
List the prime factors of 931211131.
7879, 118189
What are the prime factors of 28044687?
3, 11, 849839
List the prime factors of 106043639.
13, 23, 354661
List the prime factors of 160383360.
2, 3, 5, 103, 811
List the prime factors of 51341848.
2, 6417731
What are the prime factors of 272428662?
2, 3, 11, 4127707
List the prime factors of 2583216128.
2, 157667
List the prime factors of 2684344.
2, 13, 53, 487
What are the prime factors of 53342032?
2, 127, 26251
What are the prime factors of 20769483?
3, 7, 23, 6143
List the prime factors of 284707620.
2, 3, 5, 1581709
What ar